 base 11, what is 2 - -1129a?
112a1
In base 7, what is 2 + -13004165?
-13004163
In base 13, what is -3a911 - 1?
-3a912
In base 11, what is 10364 - -75?
10429
In base 8, what is -10306 - 202?
-10510
In base 5, what is -1301213 + -14?
-1301232
In base 2, what is 100110 - -1010000101100?
1010001010010
In base 5, what is 123 - -114221?
114344
In base 14, what is -1411899 + 4?
-1411895
In base 12, what is 503784 + 4?
503788
In base 5, what is -43113 - 42?
-43210
In base 11, what is 963 + 119?
a81
In base 5, what is 24131 + 1402?
31033
In base 16, what is -3 - 2c2a?
-2c2d
In base 6, what is -1044 + 2451?
1403
In base 14, what is -90ba - -b?
-90ad
In base 9, what is -106 + -1883?
-2100
In base 7, what is 2152455 - 1?
2152454
In base 4, what is -33 + -303002?
-303101
In base 3, what is -211 + 202001121?
202000210
In base 4, what is -221223130 - -3?
-221223121
In base 9, what is -20132 - 8?
-20141
In base 3, what is -2102020221 - -1101?
-2102012120
In base 12, what is -76b15 + -8?
-76b21
In base 6, what is -5 + 453531?
453522
In base 2, what is -1100000 - -10100111010011?
10100101110011
In base 3, what is -1020222120 + -122?
-1021000012
In base 2, what is -10 - -110110101110?
110110101100
In base 16, what is -151c + 34?
-14e8
In base 15, what is 107c + 8?
1085
In base 2, what is -10111101 - 10111010?
-101110111
In base 2, what is 10 + 1000011110101001001?
1000011110101001011
In base 8, what is 50 + 107?
157
In base 13, what is -2 + -494bb6?
-494bb8
In base 9, what is 16 + -1674?
-1657
In base 2, what is 1010011100 - 11101010001?
-10010110101
In base 6, what is 30530 + 2?
30532
In base 8, what is -362406 - 1?
-362407
In base 8, what is 70007 - -13?
70022
In base 14, what is a9b84 - -5?
a9b89
In base 16, what is -503 + -9b?
-59e
In base 7, what is 160300 - -5?
160305
In base 5, what is -1244311 + -22?
-1244333
In base 5, what is -141121 - -42?
-141024
In base 10, what is 53 - -439?
492
In base 12, what is 0 + 642b?
642b
In base 6, what is 11 + 3455315?
3455330
In base 12, what is -231 - -35?
-1b8
In base 10, what is 195 + -10?
185
In base 3, what is 11 - 10120110010012?
-10120110010001
In base 6, what is -544503 - 54?
-545001
In base 3, what is 10110210 + 2?
10110212
In base 10, what is 9 - 4861?
-4852
In base 12, what is -b6 + -6a76?
-6b70
In base 7, what is 12 + -50613?
-50601
In base 9, what is -3384 + -400?
-3784
In base 8, what is 4052 + 2072?
6144
In base 7, what is -2403 - -200?
-2203
In base 8, what is -41776 - -2?
-41774
In base 15, what is 40 + 11e?
15e
In base 3, what is 10 + -12122212111?
-12122212101
In base 14, what is 6 + -c8a77?
-c8a71
In base 5, what is 10 - -1321331?
1321341
In base 12, what is 314a + 9a?
3228
In base 15, what is -27975 + 3?
-27972
In base 16, what is 2a + -16f2?
-16c8
In base 3, what is 222101000 + 11?
222101011
In base 11, what is 1 - 27671?
-27670
In base 3, what is 1021 - -20221002021?
20221010112
In base 15, what is -8a105 + -1?
-8a106
In base 8, what is 17221 - -3?
17224
In base 10, what is -4 - -20291?
20287
In base 12, what is 24 + 490?
4b4
In base 12, what is 5b6 - 36?
580
In base 4, what is 11102132232 + 2?
11102132300
In base 10, what is 2 - -67238?
67240
In base 10, what is 1 + 13038?
13039
In base 6, what is -210143 - 14?
-210201
In base 13, what is -11 + -38a9?
-38ba
In base 10, what is -296 + -5618?
-5914
In base 7, what is 145 + -223364?
-223216
In base 10, what is 7152 - 5?
7147
In base 15, what is 3 + 546bb?
546be
In base 10, what is -9018 + 25?
-8993
In base 7, what is -2 - -51244?
51242
In base 5, what is -224 + 1240?
1011
In base 12, what is -3560 - -1?
-355b
In base 3, what is 2 + -22122122?
-22122120
In base 14, what is 935 + 690?
11c5
In base 14, what is 221 + -764?
-543
In base 3, what is 1011000 + -1012002?
-1002
In base 14, what is 2 - 3d?
-3b
In base 11, what is -1 + -1a900?
-1a901
In base 9, what is -1 - 62485?
-62486
In base 6, what is 2550 + -11000?
-4010
In base 11, what is -18 + -3911?
-3929
In base 11, what is -451 - 110?
-561
In base 9, what is 2 - 138338?
-138336
In base 14, what is -d8 + 1278?
1180
In base 8, what is 0 - 16533?
-16533
In base 4, what is 0 - -10311222?
10311222
In base 13, what is -13455a - 1?
-13455b
In base 16, what is aa8 - -5d?
b05
In base 14, what is -d3 - -241d?
232a
In base 8, what is 5 + 100016?
100023
In base 16, what is 52f7 + -4?
52f3
In base 3, what is -121202 + -1111022?
-2010001
In base 7, what is 40 + -1642?
-1602
In base 9, what is -81033 + 1?
-81032
In base 10, what is 83 + -155?
-72
In base 15, what is 3 + e893d?
e8941
In base 2, what is 1011110110111010011 - -10?
1011110110111010101
In base 2, what is 110111110000100000 + -100?
110111110000011100
In base 2, what is 110 + -100010000111?
-100010000001
In base 14, what is 34504b - 3?
345048
In base 13, what is 557 + -68?
4bc
In base 12, what is 16 - -261b?
2635
In base 11, what is 3 - 159?
-156
In base 13, what is -3 - -3132?
312c
In base 13, what is 7 + 62857?
62861
In base 3, what is -1 + -12010102121?
-12010102122
In base 7, what is 6300442 + -4?
6300435
In base 6, what is -105 + -121200?
-121305
In base 13, what is -22 + 235?
213
In base 10, what is -1324 + -2536?
-3860
In base 15, what is 1 + -d02c?
-d02b
In base 9, what is 134838 - -3?
134842
In base 2, what is -11011011110111 + -1101?
-11011100000100
In base 2, what is 110010100010001011 - 0?
110010100010001011
In base 12, what is 66 + -177?
-111
In base 9, what is 0 + 64661?
64661
In base 13, what is -264 + -125?
-389
In base 14, what is -4 - -5100?
50da
In base 5, what is 3001 - 41?
2410
In base 12, what is 2 + -7118?
-7116
In base 4, what is -33020122 - 3?
-33020131
In base 14, what is 3 + -61066?
-61063
In base 6, what is -1 + -451154?
-451155
In base 4, what is -220101 - 20121?
-300222
In base 11, what is 2 - 2501a3?
-2501a1
In base 5, what is 2 + 41233?
41240
In base 14, what is da213 - 1?
da212
In base 14, what is -12599 + -5?
-125a0
In base 3, what is 1 - 1112201?
-1112200
In base 13, what is 3901 + 6?
3907
In base 16, what is -1 + -4c23e?
-4c23f
In base 16, what is -4bc - 3f?
-4fb
In base 13, what is 1b2 - -100?
2b2
In base 14, what is -13 + 4758?
4745
In base 3, what is 1021 - 10011001?
-10002210
In base 14, what is d11 + 11c?
102d
In base 8, what is 12 - 217035?
-217023
In base 10, what is -374816 - -3?
-374813
In base 4, what is 333 + -310122?
-303123
In base 16, what is -1 - -e4bf6?
e4bf5
In base 10, what is -3 + 640020?
640017
In base 6, what is -1105 - -100115?
55010
In base 3, what is 1 + 112022001111?
112022001112
In base 2, what is 100 + -1101001001110110?
-1101001001110010
In base 13, what is -6ab7b + -b?
-6ab89
In base 9, what is -6 + 7636?
7630
In base 8, what is 4306 + -424?
3662
In base 14, what is 33 - 214?
-1c1
In base 8, what is 6 - -50244?
50252
In base 6, what is -204 + 2414?
2210
In base 13, what is 15 + -10b7a?
-10b65
In base 2, what is 111011011111 + 1?
111011100000
In base 7, what is -32530 - -20?
-32510
In base 5, what is 332213044 - 2?
332213042
In base 5, what is -2331 - 43424?
-101310
In base 2, what is 1001011101001 + 11?
1001011101100
In base 8, what is -113701 - 2?
-113703
In base 7, what is 1042636 + 3?
1042642
In base 13, what is 4 + 11b6c?
11b73
In base 16, what is 0 + -3112c?
-3112c
In base 16, what is -39a96a - -2?
-39a968
In base 5, what is -1010 - 111?
-1121
In base 3, what is 11210022200 + 2?
11210022202
In base 10, what is -12340 - -82?
-12258
In base 11, what is 823897 + -5?
823892
In base 8, what is -36 + 27071?
27033
In base 7, what is -1054 + -45?
-1132
In base 2, what is 1111011 + 100100010?
110011101
In base 15, what is 3038 - -15?
304d
In base 4, what is -220122 + 2002?
-212120
In base 4, what is -2332 + -1002320?
-1011312
In base 16, what is e2b - -1c?
e47
In base 10, what is 1753323 - -5?
1753328
In base 8, what is 10530 - 67?
10441
In base 12, what is -1b + -1604?
-1623
In base 12, what is 3 + 3398?
339b
In base 6, what is -12 - -140300?
140244
In base 7, what is 110620 + 241?
111161
In base 9, what is 16 - -447?
464
In base 9, what is 1311 + -7?
1303
In base 11, what is -7 + 484a8?
484a1
In base 16, what is 199e3 - -9?
199ec
In base 9, what is -12 - 20154?
-20166
In base 16, what is 1 + -1944?
-1943
In base 9, what is 5 - -183378?
183384
In base 4, what is 333233 - 22?
333211
In bas